{"id":102,"date":"2015-04-29T09:19:43","date_gmt":"2015-04-29T07:19:43","guid":{"rendered":"https:\/\/gdf-hessen.de\/wp\/?page_id=102"},"modified":"2025-07-09T11:33:30","modified_gmt":"2025-07-09T09:33:30","slug":"helmut-schmelzeisen","status":"publish","type":"page","link":"https:\/\/gdf-hessen.de\/?page_id=102","title":{"rendered":"Helmut Schmelzeisen"},"content":{"rendered":"<p>[et_pb_section fb_built=&#8220;1&#8243; _builder_version=&#8220;4.16&#8243; global_colors_info=&#8220;{}&#8220;][et_pb_row _builder_version=&#8220;4.18.0&#8243; background_size=&#8220;initial&#8220; background_position=&#8220;top_left&#8220; background_repeat=&#8220;repeat&#8220; global_colors_info=&#8220;{}&#8220;][et_pb_column type=&#8220;4_4&#8243; _builder_version=&#8220;4.16&#8243; custom_padding=&#8220;|||&#8220; global_colors_info=&#8220;{}&#8220; custom_padding__hover=&#8220;|||&#8220;][et_pb_text admin_label=&#8220;Text&#8220; _builder_version=&#8220;4.18.0&#8243; background_size=&#8220;initial&#8220; background_position=&#8220;top_left&#8220; background_repeat=&#8220;repeat&#8220; global_colors_info=&#8220;{}&#8220;]<\/p>\n<p><img loading=\"lazy\" decoding=\"async\" class=\"wp-image-143 alignleft size-full\" src=\"https:\/\/gdf-hessen.de\/wp-content\/uploads\/2015\/04\/29-102-page\/h-schmelzeisen.jpg\" alt=\"\" width=\"120\" height=\"167\" \/>wurde 1951 im Taunusd\u00f6rfchen Lipporn geboren. Nach dem Studium der Betriebswirtschaftslehre war er von 1980 bis 1983 bei einer internationalen Wirtschaftspr\u00fcfungsgesellschaft auf Managerebene t\u00e4tig. Seit 1983 ist er freiberuflich selbstst\u00e4ndig t\u00e4tig als Wirtschaftspr\u00fcfer und Steuerberater. Im Jahre 1994 gr\u00fcndete er die INTERTRUST Audit &amp;\u00a0Consulting GmbH, Kriftel am Taunus, eine Wirtschaftspr\u00fcfungsgesellschaft und Steuerberatungsgesellschaft mit 20 Mitarbeitern, die er heute mit zwei weiteren Partnern f\u00fchrt.<\/p>\n<p>Zu seinen vielseitigen Hobbys geh\u00f6ren u.a. Segeln, Angeln, Motorrad und Ski fahren, vor allem aber das Golfspiel und die Fotografie. Wenn fr\u00fcher die \u201etypische\u201c analoge Reisefotografie im Vordergrund seiner Fotos stand, hat ihm seit 2006, als er Gr\u00fcndungsmitglied der Gesellschaft digitale Fotografie e.\u2009V. wurde, dieser Verein v\u00f6llig neue fotografische M\u00f6glichkeiten er\u00f6ffnet.<\/p>\n<p>Seit 2023 ist Helmut Schmelzeisen Ehrenmitglied von GDF-Hessen.<\/p>\n<p>email: helmut@schmelzeisen.co<\/p>\n<p><img decoding=\"async\" id=\"pp-slideshow-1431796283\" class=\"pp-slideshow-placeholder pp-gallery-placeholder slideshow-1431796283 mceItem\" style=\"display: none;\" src=\"https:\/\/gdf-hessen.de\/content\/uploads\/pp\/placeholders\/slideshow-placeholder-1431796283.jpg\" alt=\"\" \/><\/p>\n<p>[\/et_pb_text][\/et_pb_column][\/et_pb_row][\/et_pb_section]<\/p>\n","protected":false},"excerpt":{"rendered":"<p>wurde 1951 im Taunusd\u00f6rfchen Lipporn geboren. Nach dem Studium der Betriebswirtschaftslehre war er von 1980 bis 1983 bei einer internationalen Wirtschaftspr\u00fcfungsgesellschaft auf Managerebene t\u00e4tig. Seit 1983 ist er freiberuflich selbstst\u00e4ndig t\u00e4tig als Wirtschaftspr\u00fcfer und Steuerberater. Im Jahre 1994 gr\u00fcndete er die INTERTRUST Audit &amp;\u00a0Consulting GmbH, Kriftel am Taunus, eine Wirtschaftspr\u00fcfungsgesellschaft und Steuerberatungsgesellschaft mit 20 Mitarbeitern, [&hellip;]<\/p>\n","protected":false},"author":1,"featured_media":0,"parent":0,"menu_order":0,"comment_status":"open","ping_status":"open","template":"","meta":{"_et_pb_use_builder":"on","_et_pb_old_content":"<p><img class=\" wp-image-143 size-full alignleft\" src=\"https:\/\/gdf-hessen.de\/content\/uploads\/2015\/04\/29-102-page\/h-schmelzeisen.jpg\" alt=\"\" width=\"120\" height=\"167\" \/><\/p><p>wurde 1951 im Taunusd\u00f6rfchen Lipporn geboren. Nach dem Studium der Betriebswirtschaftslehre war er von 1980 bis 1983 bei einer internationalen Wirtschaftspr\u00fcfungsgesellschaft auf Managerebene t\u00e4tig. Seit 1983 ist er freiberuflich selbstst\u00e4ndig t\u00e4tig als Wirtschaftspr\u00fcfer und Steuerberater. Im Jahre 1994 gr\u00fcndete er die INTERTRUST Audit &\u00a0Consulting GmbH, Kriftel am Taunus, eine Wirtschaftspr\u00fcfungsgesellschaft und Steuerberatungsgesellschaft mit 20 Mitarbeitern, die er heute mit zwei weiteren Partnern f\u00fchrt.<\/p><p>Zu seinen vielseitigen Hobbys geh\u00f6ren u.a. Segeln, Angeln, Motorrad und Ski fahren, vor allem aber das Golfspiel und die Fotografie. Wenn fr\u00fcher die \u201etypische\u201c analoge Reisefotografie im Vordergrund seiner Fotos stand, hat ihm seit 2006, als er Gr\u00fcndungsmitglied der Gesellschaft digitale Fotografie e.\u2009V. wurde, dieser Verein v\u00f6llig neue fotografische M\u00f6glichkeiten er\u00f6ffnet.<\/p><p>Neben der Architektur-, Makro- und Landschaftsfotografie liegt sein besonderes Interesse darin, \u201eTypen\u201c zu fotografieren, d.h. Charaktere, die sich optisch oder durch ihr Tun als der Masse hervorheben.<\/p><p>email: helmut.schmelzeisen@gdf-hessen.de<\/p><p><img id=\"pp-slideshow-1431796283\" class=\"pp-slideshow-placeholder pp-gallery-placeholder slideshow-1431796283 mceItem\" style=\"display: none;\" src=\"https:\/\/gdf-hessen.de\/content\/uploads\/pp\/placeholders\/slideshow-placeholder-1431796283.jpg\" alt=\"\" \/><\/p>","_et_gb_content_width":"","footnotes":""},"class_list":["post-102","page","type-page","status-publish","hentry"],"_links":{"self":[{"href":"https:\/\/gdf-hessen.de\/index.php?rest_route=\/wp\/v2\/pages\/102","targetHints":{"allow":["GET"]}}],"collection":[{"href":"https:\/\/gdf-hessen.de\/index.php?rest_route=\/wp\/v2\/pages"}],"about":[{"href":"https:\/\/gdf-hessen.de\/index.php?rest_route=\/wp\/v2\/types\/page"}],"author":[{"embeddable":true,"href":"https:\/\/gdf-hessen.de\/index.php?rest_route=\/wp\/v2\/users\/1"}],"replies":[{"embeddable":true,"href":"https:\/\/gdf-hessen.de\/index.php?rest_route=%2Fwp%2Fv2%2Fcomments&post=102"}],"version-history":[{"count":4,"href":"https:\/\/gdf-hessen.de\/index.php?rest_route=\/wp\/v2\/pages\/102\/revisions"}],"predecessor-version":[{"id":2756,"href":"https:\/\/gdf-hessen.de\/index.php?rest_route=\/wp\/v2\/pages\/102\/revisions\/2756"}],"wp:attachment":[{"href":"https:\/\/gdf-hessen.de\/index.php?rest_route=%2Fwp%2Fv2%2Fmedia&parent=102"}],"curies":[{"name":"wp","href":"https:\/\/api.w.org\/{rel}","templated":true}]}}